{"id":2166,"date":"2026-02-11T14:41:48","date_gmt":"2026-02-11T13:41:48","guid":{"rendered":"http:\/\/beca-consulting.test\/?page_id=2166"},"modified":"2026-03-03T10:50:29","modified_gmt":"2026-03-03T09:50:29","slug":"audit","status":"publish","type":"page","link":"https:\/\/beca-consult.com\/?page_id=2166","title":{"rendered":"Audit"},"content":{"rendered":"<div class=\"wpb-content-wrapper\"><p>[vc_row type=\u00a0\u00bbvc_default\u00a0\u00bb][vc_column css=\u00a0\u00bb.vc_custom_1498229431694{padding-bottom: 50px !important;}\u00a0\u00bb]<div id=\"ultimate-heading-30646a044d2b2709e\" class=\"uvc-heading ult-adjust-bottom-margin ultimate-heading-30646a044d2b2709e uvc-5485 \" data-hspacer=\"no_spacer\"  data-halign=\"left\" style=\"text-align:left\"><div class=\"uvc-heading-spacer no_spacer\" style=\"top\"><\/div><div class=\"uvc-main-heading ult-responsive\"  data-ultimate-target='.uvc-heading.ultimate-heading-30646a044d2b2709e h2'  data-responsive-json-new='{\"font-size\":\"desktop:26px;\",\"line-height\":\"desktop:32px;\"}' ><h2 style=\"font-weight:bold;margin-bottom:20px;\">AUDIT<\/h2><\/div><\/div>[vc_column_text css=\u00a0\u00bb\u00a0\u00bb]Les audits r\u00e9alis\u00e9s par <strong>BECA-Consult<\/strong> permettent d\u2019\u00e9valuer de mani\u00e8re ind\u00e9pendante la qualit\u00e9 technique, l\u2019organisation et la performance des projets et infrastructures. Ces missions apportent aux d\u00e9cideurs une vision objective facilitant la prise de d\u00e9cisions strat\u00e9giques et la s\u00e9curisation des investissements.<\/p>\n<p>Les audits peuvent concerner des ouvrages existants, des projets en cours ou des programmes d\u2019investissement, avec pour objectif d\u2019identifier les non-conformit\u00e9s, analyser les risques et proposer des actions correctives adapt\u00e9es.[\/vc_column_text]<div class=\"smile_icon_list_wrap ult_info_list_container ult-adjust-bottom-margin   vc_custom_1498230419199\"><ul class=\"smile_icon_list left hexagon\"><li class=\"icon_list_item\" style=\" font-size:60px;\"><div class=\"icon_list_icon\" data-animation=\"\" data-animation-delay=\"03\" style=\"font-size:20px;background:#ffb536;color:#ffffff;border-color:#ffb536;\"><i class=\"far fa-hand-point-right\" ><\/i><\/div><div class=\"icon_description\" id=\"Info-list-wrap-9888\" style=\"font-size:20px;\"><h3 class=\"ult-responsive info-list-heading\"  data-ultimate-target='#Info-list-wrap-9888 h3'  data-responsive-json-new='{\"font-size\":\"desktop:16px;\",\"line-height\":\"desktop:22px;\"}'  style=\"font-family:&#039;Open Sans Condensed&#039;;font-weight:700;\">1. Analyse documentaire et collecte des donn\u00e9es<\/h3><div class=\"icon_description_text ult-responsive\"  data-ultimate-target='#Info-list-wrap-9888 .icon_description_text'  data-responsive-json-new='{\"font-size\":\"desktop:12px;\",\"line-height\":\"desktop:20px;\"}'  style=\"\"><p>Examen des documents techniques, contractuels et organisationnels afin de comprendre le contexte et les objectifs du projet.<\/p>\n<\/div><\/div><div class=\"icon_list_connector\"  style=\"border-right-width: 1px;border-right-style: dashed;border-color: #ffb536;\"><\/div><\/li><li class=\"icon_list_item\" style=\" font-size:60px;\"><div class=\"icon_list_icon\" data-animation=\"\" data-animation-delay=\"03\" style=\"font-size:20px;background:#ffb536;color:#ffffff;border-color:#ffb536;\"><i class=\"far fa-hand-point-right\" ><\/i><\/div><div class=\"icon_description\" id=\"Info-list-wrap-7175\" style=\"font-size:20px;\"><h3 class=\"ult-responsive info-list-heading\"  data-ultimate-target='#Info-list-wrap-7175 h3'  data-responsive-json-new='{\"font-size\":\"desktop:16px;\",\"line-height\":\"desktop:22px;\"}'  style=\"font-family:&#039;Open Sans Condensed&#039;;font-weight:700;\">2. Inspection technique des ouvrages ou projets<\/h3><div class=\"icon_description_text ult-responsive\"  data-ultimate-target='#Info-list-wrap-7175 .icon_description_text'  data-responsive-json-new='{\"font-size\":\"desktop:12px;\",\"line-height\":\"desktop:20px;\"}'  style=\"\"><p>Visites de terrain, v\u00e9rification de l\u2019\u00e9tat des infrastructures et contr\u00f4le de la conformit\u00e9 aux normes et sp\u00e9cifications.<\/p>\n<\/div><\/div><div class=\"icon_list_connector\"  style=\"border-right-width: 1px;border-right-style: dashed;border-color: #ffb536;\"><\/div><\/li><li class=\"icon_list_item\" style=\" font-size:60px;\"><div class=\"icon_list_icon\" data-animation=\"\" data-animation-delay=\"03\" style=\"font-size:20px;background:#ffb536;color:#ffffff;border-color:#ffb536;\"><i class=\"far fa-hand-point-right\" ><\/i><\/div><div class=\"icon_description\" id=\"Info-list-wrap-6093\" style=\"font-size:20px;\"><h3 class=\"ult-responsive info-list-heading\"  data-ultimate-target='#Info-list-wrap-6093 h3'  data-responsive-json-new='{\"font-size\":\"desktop:16px;\",\"line-height\":\"desktop:22px;\"}'  style=\"font-family:&#039;Open Sans Condensed&#039;;font-weight:700;\">3. \u00c9valuation organisationnelle et op\u00e9rationnelle<\/h3><div class=\"icon_description_text ult-responsive\"  data-ultimate-target='#Info-list-wrap-6093 .icon_description_text'  data-responsive-json-new='{\"font-size\":\"desktop:12px;\",\"line-height\":\"desktop:20px;\"}'  style=\"\"><p>Analyse des proc\u00e9dures, des m\u00e9thodes de gestion et du fonctionnement des \u00e9quipes impliqu\u00e9es dans le projet.<\/p>\n<\/div><\/div><div class=\"icon_list_connector\"  style=\"border-right-width: 1px;border-right-style: dashed;border-color: #ffb536;\"><\/div><\/li><li class=\"icon_list_item\" style=\" font-size:60px;\"><div class=\"icon_list_icon\" data-animation=\"\" data-animation-delay=\"03\" style=\"font-size:20px;background:#ffb536;color:#ffffff;border-color:#ffb536;\"><i class=\"far fa-hand-point-right\" ><\/i><\/div><div class=\"icon_description\" id=\"Info-list-wrap-7663\" style=\"font-size:20px;\"><h3 class=\"ult-responsive info-list-heading\"  data-ultimate-target='#Info-list-wrap-7663 h3'  data-responsive-json-new='{\"font-size\":\"desktop:16px;\",\"line-height\":\"desktop:22px;\"}'  style=\"font-family:&#039;Open Sans Condensed&#039;;font-weight:700;\">4. Formulation de recommandations techniques et strat\u00e9giques<\/h3><div class=\"icon_description_text ult-responsive\"  data-ultimate-target='#Info-list-wrap-7663 .icon_description_text'  data-responsive-json-new='{\"font-size\":\"desktop:12px;\",\"line-height\":\"desktop:20px;\"}'  style=\"\"><p>Proposition de mesures correctives et d\u2019am\u00e9liorations destin\u00e9es \u00e0 renforcer la s\u00e9curit\u00e9, la durabilit\u00e9 et l\u2019efficacit\u00e9 des infrastructures.<\/p>\n<\/div><\/div><div class=\"icon_list_connector\"  style=\"border-right-width: 1px;border-right-style: dashed;border-color: #ffb536;\"><\/div><\/li><\/ul><\/div>[\/vc_column][\/vc_row]<\/p>\n<\/div>","protected":false},"excerpt":{"rendered":"<p>[vc_row type=\u00a0\u00bbvc_default\u00a0\u00bb][vc_column css=\u00a0\u00bb.vc_custom_1498229431694{padding-bottom: 50px !important;}\u00a0\u00bb][vc_column_text css=\u00a0\u00bb\u00a0\u00bb]Les audits r\u00e9alis\u00e9s par BECA-Consult permettent d\u2019\u00e9valuer de mani\u00e8re ind\u00e9pendante la qualit\u00e9 technique, l\u2019organisation et la performance des projets et infrastructures. Ces missions apportent aux d\u00e9cideurs une vision objective facilitant la prise de d\u00e9cisions strat\u00e9giques et la s\u00e9curisation des investissements. Les audits peuvent concerner des ouvrages existants, des projets en&hellip;<\/p>\n","protected":false},"author":1,"featured_media":0,"parent":7,"menu_order":0,"comment_status":"closed","ping_status":"closed","template":"","meta":{"footnotes":""},"class_list":["post-2166","page","type-page","status-publish","hentry","description-off"],"yoast_head":"<!-- This site is optimized with the Yoast SEO plugin v27.5 - https:\/\/yoast.com\/product\/yoast-seo-wordpress\/ -->\n<title>Audit - Beca Consult<\/title>\n<meta name=\"robots\" content=\"index, follow, max-snippet:-1, max-image-preview:large, max-video-preview:-1\" \/>\n<link rel=\"canonical\" href=\"https:\/\/beca-consult.com\/?page_id=2166\" \/>\n<meta property=\"og:locale\" content=\"fr_FR\" \/>\n<meta property=\"og:type\" content=\"article\" \/>\n<meta property=\"og:title\" content=\"Audit - Beca Consult\" \/>\n<meta property=\"og:description\" content=\"[vc_row type=\u00a0\u00bbvc_default\u00a0\u00bb][vc_column css=\u00a0\u00bb.vc_custom_1498229431694{padding-bottom: 50px !important;}\u00a0\u00bb][vc_column_text css=\u00a0\u00bb\u00a0\u00bb]Les audits r\u00e9alis\u00e9s par BECA-Consult permettent d\u2019\u00e9valuer de mani\u00e8re ind\u00e9pendante la qualit\u00e9 technique, l\u2019organisation et la performance des projets et infrastructures. Ces missions apportent aux d\u00e9cideurs une vision objective facilitant la prise de d\u00e9cisions strat\u00e9giques et la s\u00e9curisation des investissements. Les audits peuvent concerner des ouvrages existants, des projets en&hellip;\" \/>\n<meta property=\"og:url\" content=\"https:\/\/beca-consult.com\/?page_id=2166\" \/>\n<meta property=\"og:site_name\" content=\"Beca Consult\" \/>\n<meta property=\"article:modified_time\" content=\"2026-03-03T09:50:29+00:00\" \/>\n<meta name=\"twitter:card\" content=\"summary_large_image\" \/>\n<meta name=\"twitter:label1\" content=\"Dur\u00e9e de lecture estim\u00e9e\" \/>\n\t<meta name=\"twitter:data1\" content=\"2 minutes\" \/>\n<script type=\"application\/ld+json\" class=\"yoast-schema-graph\">{\"@context\":\"https:\\\/\\\/schema.org\",\"@graph\":[{\"@type\":\"WebPage\",\"@id\":\"https:\\\/\\\/beca-consult.com\\\/?page_id=2166\",\"url\":\"https:\\\/\\\/beca-consult.com\\\/?page_id=2166\",\"name\":\"Audit - Beca Consult\",\"isPartOf\":{\"@id\":\"https:\\\/\\\/beca-consult.com\\\/#website\"},\"datePublished\":\"2026-02-11T13:41:48+00:00\",\"dateModified\":\"2026-03-03T09:50:29+00:00\",\"breadcrumb\":{\"@id\":\"https:\\\/\\\/beca-consult.com\\\/?page_id=2166#breadcrumb\"},\"inLanguage\":\"fr-FR\",\"potentialAction\":[{\"@type\":\"ReadAction\",\"target\":[\"https:\\\/\\\/beca-consult.com\\\/?page_id=2166\"]}]},{\"@type\":\"BreadcrumbList\",\"@id\":\"https:\\\/\\\/beca-consult.com\\\/?page_id=2166#breadcrumb\",\"itemListElement\":[{\"@type\":\"ListItem\",\"position\":1,\"name\":\"Accueil\",\"item\":\"https:\\\/\\\/beca-consult.com\\\/\"},{\"@type\":\"ListItem\",\"position\":2,\"name\":\"Services\",\"item\":\"https:\\\/\\\/beca-consult.com\\\/?page_id=7\"},{\"@type\":\"ListItem\",\"position\":3,\"name\":\"Audit\"}]},{\"@type\":\"WebSite\",\"@id\":\"https:\\\/\\\/beca-consult.com\\\/#website\",\"url\":\"https:\\\/\\\/beca-consult.com\\\/\",\"name\":\"Beca Consult\",\"description\":\"\",\"publisher\":{\"@id\":\"https:\\\/\\\/beca-consult.com\\\/#organization\"},\"potentialAction\":[{\"@type\":\"SearchAction\",\"target\":{\"@type\":\"EntryPoint\",\"urlTemplate\":\"https:\\\/\\\/beca-consult.com\\\/?s={search_term_string}\"},\"query-input\":{\"@type\":\"PropertyValueSpecification\",\"valueRequired\":true,\"valueName\":\"search_term_string\"}}],\"inLanguage\":\"fr-FR\"},{\"@type\":\"Organization\",\"@id\":\"https:\\\/\\\/beca-consult.com\\\/#organization\",\"name\":\"Beca Consult\",\"url\":\"https:\\\/\\\/beca-consult.com\\\/\",\"logo\":{\"@type\":\"ImageObject\",\"inLanguage\":\"fr-FR\",\"@id\":\"https:\\\/\\\/beca-consult.com\\\/#\\\/schema\\\/logo\\\/image\\\/\",\"url\":\"https:\\\/\\\/beca-consult.com\\\/wp-content\\\/uploads\\\/2026\\\/05\\\/logo_beca_c-scaled.png\",\"contentUrl\":\"https:\\\/\\\/beca-consult.com\\\/wp-content\\\/uploads\\\/2026\\\/05\\\/logo_beca_c-scaled.png\",\"width\":2560,\"height\":314,\"caption\":\"Beca Consult\"},\"image\":{\"@id\":\"https:\\\/\\\/beca-consult.com\\\/#\\\/schema\\\/logo\\\/image\\\/\"},\"sameAs\":[\"https:\\\/\\\/www.linkedin.com\\\/company\\\/beca-consult\\\/\"]}]}<\/script>\n<!-- \/ Yoast SEO plugin. -->","yoast_head_json":{"title":"Audit - Beca Consult","robots":{"index":"index","follow":"follow","max-snippet":"max-snippet:-1","max-image-preview":"max-image-preview:large","max-video-preview":"max-video-preview:-1"},"canonical":"https:\/\/beca-consult.com\/?page_id=2166","og_locale":"fr_FR","og_type":"article","og_title":"Audit - Beca Consult","og_description":"[vc_row type=\u00a0\u00bbvc_default\u00a0\u00bb][vc_column css=\u00a0\u00bb.vc_custom_1498229431694{padding-bottom: 50px !important;}\u00a0\u00bb][vc_column_text css=\u00a0\u00bb\u00a0\u00bb]Les audits r\u00e9alis\u00e9s par BECA-Consult permettent d\u2019\u00e9valuer de mani\u00e8re ind\u00e9pendante la qualit\u00e9 technique, l\u2019organisation et la performance des projets et infrastructures. Ces missions apportent aux d\u00e9cideurs une vision objective facilitant la prise de d\u00e9cisions strat\u00e9giques et la s\u00e9curisation des investissements. Les audits peuvent concerner des ouvrages existants, des projets en&hellip;","og_url":"https:\/\/beca-consult.com\/?page_id=2166","og_site_name":"Beca Consult","article_modified_time":"2026-03-03T09:50:29+00:00","twitter_card":"summary_large_image","twitter_misc":{"Dur\u00e9e de lecture estim\u00e9e":"2 minutes"},"schema":{"@context":"https:\/\/schema.org","@graph":[{"@type":"WebPage","@id":"https:\/\/beca-consult.com\/?page_id=2166","url":"https:\/\/beca-consult.com\/?page_id=2166","name":"Audit - Beca Consult","isPartOf":{"@id":"https:\/\/beca-consult.com\/#website"},"datePublished":"2026-02-11T13:41:48+00:00","dateModified":"2026-03-03T09:50:29+00:00","breadcrumb":{"@id":"https:\/\/beca-consult.com\/?page_id=2166#breadcrumb"},"inLanguage":"fr-FR","potentialAction":[{"@type":"ReadAction","target":["https:\/\/beca-consult.com\/?page_id=2166"]}]},{"@type":"BreadcrumbList","@id":"https:\/\/beca-consult.com\/?page_id=2166#breadcrumb","itemListElement":[{"@type":"ListItem","position":1,"name":"Accueil","item":"https:\/\/beca-consult.com\/"},{"@type":"ListItem","position":2,"name":"Services","item":"https:\/\/beca-consult.com\/?page_id=7"},{"@type":"ListItem","position":3,"name":"Audit"}]},{"@type":"WebSite","@id":"https:\/\/beca-consult.com\/#website","url":"https:\/\/beca-consult.com\/","name":"Beca Consult","description":"","publisher":{"@id":"https:\/\/beca-consult.com\/#organization"},"potentialAction":[{"@type":"SearchAction","target":{"@type":"EntryPoint","urlTemplate":"https:\/\/beca-consult.com\/?s={search_term_string}"},"query-input":{"@type":"PropertyValueSpecification","valueRequired":true,"valueName":"search_term_string"}}],"inLanguage":"fr-FR"},{"@type":"Organization","@id":"https:\/\/beca-consult.com\/#organization","name":"Beca Consult","url":"https:\/\/beca-consult.com\/","logo":{"@type":"ImageObject","inLanguage":"fr-FR","@id":"https:\/\/beca-consult.com\/#\/schema\/logo\/image\/","url":"https:\/\/beca-consult.com\/wp-content\/uploads\/2026\/05\/logo_beca_c-scaled.png","contentUrl":"https:\/\/beca-consult.com\/wp-content\/uploads\/2026\/05\/logo_beca_c-scaled.png","width":2560,"height":314,"caption":"Beca Consult"},"image":{"@id":"https:\/\/beca-consult.com\/#\/schema\/logo\/image\/"},"sameAs":["https:\/\/www.linkedin.com\/company\/beca-consult\/"]}]}},"_links":{"self":[{"href":"https:\/\/beca-consult.com\/index.php?rest_route=\/wp\/v2\/pages\/2166","targetHints":{"allow":["GET"]}}],"collection":[{"href":"https:\/\/beca-consult.com\/index.php?rest_route=\/wp\/v2\/pages"}],"about":[{"href":"https:\/\/beca-consult.com\/index.php?rest_route=\/wp\/v2\/types\/page"}],"author":[{"embeddable":true,"href":"https:\/\/beca-consult.com\/index.php?rest_route=\/wp\/v2\/users\/1"}],"replies":[{"embeddable":true,"href":"https:\/\/beca-consult.com\/index.php?rest_route=%2Fwp%2Fv2%2Fcomments&post=2166"}],"version-history":[{"count":4,"href":"https:\/\/beca-consult.com\/index.php?rest_route=\/wp\/v2\/pages\/2166\/revisions"}],"predecessor-version":[{"id":2331,"href":"https:\/\/beca-consult.com\/index.php?rest_route=\/wp\/v2\/pages\/2166\/revisions\/2331"}],"up":[{"embeddable":true,"href":"https:\/\/beca-consult.com\/index.php?rest_route=\/wp\/v2\/pages\/7"}],"wp:attachment":[{"href":"https:\/\/beca-consult.com\/index.php?rest_route=%2Fwp%2Fv2%2Fmedia&parent=2166"}],"curies":[{"name":"wp","href":"https:\/\/api.w.org\/{rel}","templated":true}]}}